 140.
10
Calculate the greatest common factor of 299 and 133237.
13
Calculate the greatest common divisor of 959 and 615541.
137
What is the highest common factor of 55988 and 86?
2
Calculate the greatest common divisor of 1760655 and 585.
195
Calculate the highest common factor of 23870 and 1302.
434
Calculate the greatest common factor of 946 and 16214.
22
Calculate the highest common divisor of 86043 and 5246.
43
What is the greatest common factor of 384 and 597024?
96
Calculate the highest common factor of 1394 and 6806.
82
What is the greatest common divisor of 6410 and 580?
10
Calculate the greatest common divisor of 9853 and 1003.
59
What is the greatest common factor of 324 and 948?
12
What is the greatest common factor of 494 and 25726?
38
Calculate the highest common divisor of 192 and 292.
4
Calculate the greatest common divisor of 26101 and 516.
43
Calculate the greatest common divisor of 284 and 9172.
4
Calculate the greatest common divisor of 96811 and 52.
13
Calculate the greatest common factor of 14839 and 1425.
19
What is the highest common factor of 106330 and 620?
310
Calculate the greatest common divisor of 98271 and 9.
9
Calculate the greatest common divisor of 332010 and 15345.
1395
Calculate the highest common divisor of 42771 and 7532.
269
What is the greatest common divisor of 149868 and 69?
69
Calculate the greatest common divisor of 161 and 165071.
23
Calculate the highest common factor of 8505 and 595.
35
What is the highest common factor of 2775 and 976245?
555
What is the highest common divisor of 241 and 7?
1
What is the highest common divisor of 9306 and 27027?
99
What is the greatest common factor of 228 and 343444?
76
Calculate the greatest common factor of 2501 and 17263.
61
Calculate the highest common divisor of 272 and 4096.
16
Calculate the highest common factor of 622710 and 333.
333
What is the greatest common factor of 1980 and 16038?
198
What is the greatest common divisor of 124 and 689874?
62
Calculate the greatest common factor of 2135 and 320677.
427
What is the highest common divisor of 1 and 8379?
1
What is the highest common factor of 136 and 99584?
8
Calculate the highest common factor of 93 and 220100.
31
Calculate the highest common divisor of 70192 and 128.
16
Calculate the greatest common divisor of 16640 and 1560.
520
Calculate the highest common factor of 224 and 876.
4
Calculate the highest common divisor of 12495 and 7905.
255
What is the greatest common divisor of 91294 and 14?
14
Calculate the highest common factor of 189213 and 59.
59
What is the greatest common factor of 242400 and 1600?
800
Calculate the highest common factor of 600 and 96.
24
What is the greatest common factor of 17978 and 606?
202
Calculate the greatest common divisor of 417107 and 38.
19
What is the highest common factor of 6624 and 4232?
184
Calculate the greatest common factor of 2268 and 17864.
28
What is the greatest common divisor of 1972 and 1740?
116
Calculate the greatest common factor of 13764 and 72372.
444
What is the highest common factor of 4440 and 4127720?
1480
Calculate the greatest common divisor of 1054 and 544.
34
Calculate the highest common divisor of 432 and 29968.
16
Calculate the highest common factor of 36 and 9036.
36
Calculate the greatest common factor of 142086 and 17850.
714
What is the highest common factor of 133 and 37226?
7
Calculate the highest common divisor of 57 and 74803.
19
Calculate the highest common factor of 216753 and 3.
3
What is the greatest common factor of 230736 and 15?
3
Calculate the highest common factor of 20685 and 420.
105
What is the highest common factor of 21 and 8445?
3
What is the highest common divisor of 17545 and 7105?
145
What is the greatest common factor of 1512 and 609?
21
Calculate the greatest common factor of 16 and 192118.
2
Calculate the highest common factor of 2128 and 12464.
304
What is the highest common divisor of 96 and 41556?
12
Calculate the highest common divisor of 1012500 and 300.
300
Calculate the highest common factor of 216212 and 4584.
764
What is the greatest common divisor of 35 and 1633765?
35
What is the greatest common divisor of 1764 and 1465002?
882
Calculate the greatest common divisor of 138 and 3174.
138
Calculate the greatest common divisor of 12 and 65664.
12
Calculate the greatest common factor of 30448 and 176.
176
What is the greatest common factor of 19080 and 480?
120
Calculate the greatest common factor of 170 and 21675.
85
What is the highest common factor of 1356 and 10622?
226
Calculate the highest common divisor of 149875 and 16895.
545
What is the greatest common factor of 174454 and 714?
238
Calculate the highest common factor of 148 and 393236.
148
What is the highest common factor of 290 and 157702?
58
Calculate the highest common divisor of 124650 and 400.
50
Calculate the highest common divisor of 33552 and 13344.
48
Calculate the highest common divisor of 9660 and 10344.
12
Calculate the highest common divisor of 132 and 6804.
12
Calculate the greatest common factor of 441 and 7434.
63
What is the highest common factor of 2375 and 9400?
25
What is the highest common factor of 390640 and 2080?
80
What is the highest common factor of 84 and 1901970?
42
What is the greatest common factor of 1960 and 505288?
392
What is the greatest common divisor of 54 and 4986?
18
Calculate the highest common divisor of 86545 and 380.
95
Calculate the greatest common factor of 1284 and 344219.
107
Calculate the highest common factor of 1107 and 353871.
369
What is the greatest common divisor of 18516 and 12?
12
What is the greatest common divisor of 1728 and 466992?
432
Calculate the highest common divisor of 158937 and 81.
3
What is the greatest common divisor of 35574 and 198?
66
What is the highest common factor of 517235 and 1775?
355
What is the greatest common divisor of 296 and 26714?
74
Calculate the highest common factor of 1199 and 45235.
109
Calculate the highest common factor of 1016 and 183134.
254
Calculate the highest common factor of 209576 and 272.
136
What is the highest common divisor of 16122 and 24?
6
What is the greatest common divisor of 224 and 228704?
224
What is the highest common factor of 73308 and 133206?
894
What is the highest common factor of 237235 and 595?
85
What is the greatest common factor of 2577870 and 15?
15
Calculate the greatest common factor of 2407 and 8468.
29
Calculate the greatest common divisor of 1390 and 715155.
695
What is the greatest common divisor of 154764 and 108?
108
Calculate the greatest common divisor of 874 and 782.
46
What is the greatest common factor of 58487 and 2045?
409
Calculate the highest common divisor of 220363 and 2948.
737
What is the highest common divisor of 783 and 471453?
87
What is the highest common factor of 981 and 339099?
327
What is the highest common factor of 35247 and 93?
93
Calculate the greatest common factor of 541275 and 1925.
175
Calculate the greatest common factor of 22380 and 1020.
60
What is the greatest common factor of 382 and 415616?
382
What is the highest common divisor of 2464 and 17696?
224
What is the highest common divisor of 361 and 858097?
361
Calculate the highest common divisor of 444 and 20196.
12
What is the highest common divisor of 56341 and 103?
103
What is the greatest common divisor of 224 and 494816?
224
Calculate the highest common factor of 2482 and 9622.
34
Calculate the highest common factor of 3 and 348567.
3
What is the greatest common factor of 230320 and 80?
80
What is the greatest common divisor of 54825 and 225?
75
Calculate the greatest common factor of 16 and 22124.
4
Calculate the highest common divisor of 1130 and 1960.
10
Calculate the greatest common divisor of 80652 and 792.
132
Calculate the greatest common factor of 11106 and 7776.
18
Calculate the highest common divisor of 77452 and 35836.
1156
What is the highest common factor of 38386 and 136?
34
Calculate the highest common divisor of 22944 and 60.
12
Calculate the highest common factor of 60 and 525660.
60
Calculate the greatest common divisor of 1018568 and 8.
8
Calculate the greatest common divisor of 315 and 17535.
105
Calculate the highest common factor of 12 and 228444.
12
What is the greatest common factor of 164 a